{"id":1228,"date":"2022-04-23T17:46:44","date_gmt":"2022-04-23T16:46:44","guid":{"rendered":"http:\/\/diskstation\/wordpress\/?page_id=1228"},"modified":"2024-03-31T12:22:18","modified_gmt":"2024-03-31T11:22:18","slug":"mesmerize","status":"publish","type":"page","link":"https:\/\/santosepulcro-daganzo.com\/","title":{"rendered":"Inicio"},"content":{"rendered":"\n<p>En nombre de la Cofrad\u00eda del Santo Sepulcro quiero daros la bienvenida y, al mismo tiempo, expresaros nuestro agradecimiento por vuestra visita a esta P\u00e1gina Web. La irrupci\u00f3n de las nuevas tecnolog\u00edas en las \u00faltimas d\u00e9cadas del siglo XXI ha producido grandes cambios en nuestra sociedad. Adaptarse a esta situaci\u00f3n es una exigencia tambi\u00e9n para las instituciones de car\u00e1cter religioso. Internet se ha convertido, y cada vez m\u00e1s, en una poderosa herramienta para la comunicaci\u00f3n.<\/p>\n\n\n\n<p>Este es, precisamente, el principal objetivo de esta p\u00e1gina: ofrecer un nuevo \u00e1mbito de comunicaci\u00f3n a los nazarenos, a los fieles y devotos y a todos aquellos que se sientan interesados por nuestra Organizaci\u00f3n. Un foro de encuentro y di\u00e1logo con el prop\u00f3sito de dar a conocer lo que para nosotros es lo m\u00e1s querido: nuestras Im\u00e1genes; nuestro car\u00e1cter, nuestro patrimonio y nuestra historia; nuestra realidad, y nuestra actualidad.<\/p>\n\n\n\n<p>Desde aqu\u00ed os invito a visitar esta p\u00e1gina, que pretende actualizarse de forma permanente, y que ha sido confeccionada con el prop\u00f3sito de manteneros informados en todo momento, de lo que ocurre en nuestra Cofrad\u00eda. Finalmente quiero expresar nuestro agradecimiento por vuestro inter\u00e9s y rogaros nos hag\u00e1is llegar vuestra opini\u00f3n y sugerencias con la esperanza de que la visita os acerque, un poco m\u00e1s, a nosotros.<\/p>\n\n\n\n<p><em>Fdo. Antonio P\u00e9rez Fuerte<\/em><\/p>\n\n\n\n<p><em>Presidente<\/em><\/p>\n\n\n<div class=\"wp-block-coblocks-shape-divider is-style-wavy is-vertically-flipped mt-0 mb-0\" style=\"color: #111;\" aria-hidden=\"true\">\n\t\t\t<div class=\"wp-block-coblocks-shape-divider__svg-wrapper\" style=\"height:30px;\">\n\t\t\t\t<svg class=\"divider--wavy\" viewBox=\"0 0 100 10\" xmlns=\"http:\/\/www.w3.org\/2000\/svg\" preserveAspectRatio=\"none\"><path d=\"m42.19.65c2.26-.25 5.15.04 7.55.53 2.36.49 7.09 2.35 10.05 3.57 7.58 3.22 13.37 4.45 19.26 4.97 2.36.21 4.87.35 10.34-.25s10.62-2.56 10.62-2.56v-6.91h-100.01v3.03s7.2 3.26 15.84 3.05c3.92-.07 9.28-.67 13.4-2.24 2.12-.81 5.22-1.82 7.97-2.42 2.72-.63 3.95-.67 4.98-.77z\" fillRule=\"evenodd\" transform=\"matrix(1 0 0 -1 0 10)\" \/><\/svg>\n\t\t\t<\/div>\n\t\t\t<div class=\"wp-block-coblocks-shape-divider__alt-wrapper\" style=\"height:50px;\"><\/div>\n\t\t<\/div>\n\n\n<p><\/p>\n\n\n\n<div class=\"wp-block-group\"><div class=\"wp-block-group__inner-container is-layout-flow wp-block-group-is-layout-flow\">\n<h2 class=\"wp-block-heading alignwide has-text-align-center has-large-font-size\">Agradecimientos<\/h2>\n\n\n\n<p>Desde estas l\u00edneas quisi\u00e9ramos agradecer a las siguientes entidades su apoyo constante a la consecuci\u00f3n de los fines para los que la cofrad\u00eda fue fundada.<\/p>\n<\/div><\/div>\n\n\n\n<div class=\"wp-block-coblocks-row coblocks-row-16193322450\" data-columns=\"2\" data-layout=\"50-50\"><div class=\"wp-block-coblocks-row__inner has-no-padding has-no-margin is-stacked-on-mobile has-medium-gutter\">\n<div class=\"wp-block-coblocks-column coblocks-column-16193330344\" style=\"width:50%\"><div class=\"wp-block-coblocks-column__inner has-no-padding has-no-margin\">\n<figure class=\"wp-block-image size-full coblocks-animate\" data-coblocks-animation=\"fadeIn\"><img loading=\"lazy\" decoding=\"async\" width=\"600\" height=\"300\" src=\"http:\/\/santosepulcro-daganzo.com\/wp-content\/uploads\/2022\/05\/Logo_VerticaFondoTransparente_Twinning.png\" alt=\"\" class=\"wp-image-1504\" srcset=\"https:\/\/santosepulcro-daganzo.com\/wp-content\/uploads\/2022\/05\/Logo_VerticaFondoTransparente_Twinning.png 600w, https:\/\/santosepulcro-daganzo.com\/wp-content\/uploads\/2022\/05\/Logo_VerticaFondoTransparente_Twinning-300x150.png 300w\" sizes=\"auto, (max-width: 600px) 100vw, 600px\" \/><\/figure>\n<\/div><\/div>\n\n\n\n<div class=\"wp-block-coblocks-column coblocks-column-16193330347\" style=\"width:50%\"><div class=\"wp-block-coblocks-column__inner has-no-padding has-no-margin\">\n<h4 class=\"wp-block-heading\">El Club<\/h4>\n\n\n\n<p>Somos un Club de p\u00e1del en Daganzo de Arriba (Madrid), con 9 pistas de p\u00e1del (2 cubiertas), casa club, tienda y cafeter\u00eda con una gran terraza panor\u00e1mica para seguir disfrutando de p\u00e1del en los momentos de relax.<\/p>\n\n\n\n<h4 class=\"wp-block-heading\">La escuela de P\u00e1del<\/h4>\n\n\n\n<p><strong>Nuestra escuela est\u00e1 orientada a la diversi\u00f3n del alumno<\/strong>&nbsp;y a resultados, planificaci\u00f3n anual de cada sesi\u00f3n, seguimiento de cada clase, y material de entrenamiento profesional.<\/p>\n\n\n\n<p>Nuestros t\u00e9cnicos formados&nbsp;conseguir\u00e1n que disfrutes mediante t\u00e9cnicas de juego y ejercicios basados en la diversi\u00f3n y el dinamismo consiguiendo tus objetivos.<\/p>\n\n\n\n<p><strong>Horarios:&nbsp;<\/strong>Los horarios de la escuela van desde las 10 de la ma\u00f1ana hasta las 23 horas de lunes a viernes y de 10 a 15 s\u00e1bados y domingos.<\/p>\n\n\n\n<p><strong>Grupos:<\/strong>&nbsp;La formaci\u00f3n de grupos se lleva a cabo con una prueba previa de nivel y el n\u00famero de alumnos m\u00e1ximo por grupo es de 4, en el caso de los adultos, 6 alumnos m\u00e1ximo en grupos de ni\u00f1os (4-11) y 5 alumnos en edad (12-15 a\u00f1os).<\/p>\n<\/div><\/div>\n<\/div><\/div>\n\n\n\n<div class=\"wp-block-coblocks-row coblocks-row-32905317394\" data-columns=\"2\" data-layout=\"50-50\"><div class=\"wp-block-coblocks-row__inner has-no-padding has-no-margin is-stacked-on-mobile has-medium-gutter\">\n<div class=\"wp-block-coblocks-column coblocks-column-32905321529\" style=\"width:48.85%\"><div class=\"wp-block-coblocks-column__inner has-no-padding has-no-margin\"><div class=\"wp-block-image is-style-default\">\n<figure class=\"aligncenter size-large is-resized coblocks-animate\" data-coblocks-animation=\"fadeIn\"><img loading=\"lazy\" decoding=\"async\" width=\"473\" height=\"91\" src=\"http:\/\/santosepulcro-daganzo.com\/wp-content\/uploads\/2022\/04\/LogoHerla.jpg\" alt=\"\" class=\"wp-image-1372\" style=\"width:362px;height:68px\" srcset=\"https:\/\/santosepulcro-daganzo.com\/wp-content\/uploads\/2022\/04\/LogoHerla.jpg 473w, https:\/\/santosepulcro-daganzo.com\/wp-content\/uploads\/2022\/04\/LogoHerla-300x58.jpg 300w\" sizes=\"auto, (max-width: 473px) 100vw, 473px\" \/><\/figure>\n<\/div><\/div><\/div>\n\n\n\n<div class=\"wp-block-coblocks-column coblocks-column-32905321532\" style=\"width:51.15%\"><div class=\"wp-block-coblocks-column__inner has-no-padding has-no-margin\">\n<p>Metal\u00fargicas Herla S.L., empresa con m\u00e1s de 30 a\u00f1os de experiencia en el sector del metal.<br>Su dedicaci\u00f3n se basa en la obra civil, decoraci\u00f3n, colaborando con distintas empresas de construcci\u00f3n, bufetes de arquitectos y dise\u00f1adores.<br>En los trabajos se puede destacar cafeter\u00edas, restaurantes, hoteles, comercios, viviendas y esculturas, incluyendo trabajos a nivel de particulares que precisen nuestros servicios a nivel auton\u00f3mico o nacional.<\/p>\n<\/div><\/div>\n<\/div><\/div>\n\n\n\n<div class=\"wp-block-coblocks-row coblocks-row-32905421394\" data-columns=\"2\" data-layout=\"50-50\"><div class=\"wp-block-coblocks-row__inner has-no-padding has-no-margin is-stacked-on-mobile has-medium-gutter\">\n<div class=\"wp-block-coblocks-column coblocks-column-3290542391\" style=\"width:50%\"><div class=\"wp-block-coblocks-column__inner has-no-padding has-no-margin\"><div class=\"wp-block-image is-style-rounded\">\n<figure class=\"aligncenter size-large is-resized coblocks-animate\" data-coblocks-animation=\"fadeIn\"><img loading=\"lazy\" decoding=\"async\" width=\"828\" height=\"834\" src=\"http:\/\/santosepulcro-daganzo.com\/wp-content\/uploads\/2022\/04\/logo-tonatiuh.jpeg\" alt=\"\" class=\"wp-image-1373\" style=\"width:194px;height:195px\" srcset=\"https:\/\/santosepulcro-daganzo.com\/wp-content\/uploads\/2022\/04\/logo-tonatiuh.jpeg 828w, https:\/\/santosepulcro-daganzo.com\/wp-content\/uploads\/2022\/04\/logo-tonatiuh-298x300.jpeg 298w, https:\/\/santosepulcro-daganzo.com\/wp-content\/uploads\/2022\/04\/logo-tonatiuh-150x150.jpeg 150w, https:\/\/santosepulcro-daganzo.com\/wp-content\/uploads\/2022\/04\/logo-tonatiuh-768x774.jpeg 768w\" sizes=\"auto, (max-width: 828px) 100vw, 828px\" \/><\/figure>\n<\/div><\/div><\/div>\n\n\n\n<div class=\"wp-block-coblocks-column coblocks-column-3290542394\" style=\"width:50%\"><div class=\"wp-block-coblocks-column__inner has-no-padding has-no-margin\">\n<p>Tonatiuh naci\u00f3 hace m\u00e1s de 23 a\u00f1os con el objetivo de traer a Madrid la mejor calidad de carnes del mercado. Nuestro estilo y decoraci\u00f3n americana no impiden que nuestros productos sean caseros, incluidos los postres. Una comida reconocida y valorada por todos nuestros clientes, que semana tras semana llenan el restaurante en busca de una de las mejores hamburguesas de buey del mundo. <\/p>\n<\/div><\/div>\n<\/div><\/div>\n\n\n\n<div class=\"wp-block-coblocks-row coblocks-row-32905919431\" data-columns=\"2\" data-layout=\"50-50\"><div class=\"wp-block-coblocks-row__inner has-no-padding has-no-margin is-stacked-on-mobile has-medium-gutter\">\n<div class=\"wp-block-coblocks-column coblocks-column-32905920756\" style=\"width:50%\"><div class=\"wp-block-coblocks-column__inner has-no-padding has-no-margin\"><div class=\"wp-block-image is-style-default\">\n<figure class=\"aligncenter size-full\"><img loading=\"lazy\" decoding=\"async\" width=\"480\" height=\"190\" src=\"https:\/\/santosepulcro-daganzo.com\/wp-content\/uploads\/2023\/02\/logo-100.jpg\" alt=\"\" class=\"wp-image-1583\" srcset=\"https:\/\/santosepulcro-daganzo.com\/wp-content\/uploads\/2023\/02\/logo-100.jpg 480w, https:\/\/santosepulcro-daganzo.com\/wp-content\/uploads\/2023\/02\/logo-100-300x119.jpg 300w\" sizes=\"auto, (max-width: 480px) 100vw, 480px\" \/><\/figure>\n<\/div><\/div><\/div>\n\n\n\n<div class=\"wp-block-coblocks-column coblocks-column-32905920759\" style=\"width:50%\"><div class=\"wp-block-coblocks-column__inner has-no-padding has-no-margin\">\n<p>En M&amp;D Interiorismo, somos fabricantes y profesionales del dise\u00f1o de interiores, mueble tapizado, confecci\u00f3n y decoraci\u00f3n. Con 25 a\u00f1os de experiencia y una consolidada infraestructura industrial, M &amp; D aborda proyectos integrales de decoraci\u00f3n de interiores. Trabajamos tanto para particulares como grandes instalaciones: Hoteles, Restaurantes, Salas de Fiesta, Residencias, nacionales e internacionales. Nuestros especialistas aplican las \u00faltimas tendencias de estilo, adapt\u00e1ndose siempre al gusto, las necesidades y la econom\u00eda del cliente. Instalamos con los mejores materiales, acabados y precios, como venimos haciendo dos generaciones.<\/p>\n\n\n\n<p><a href=\"https:\/\/www.youtube.com\/watch?v=kF44ra_Dkj0\">MyD Tapizados (youtube.com)<\/a><\/p>\n<\/div><\/div>\n<\/div><\/div>\n\n\n\n<div class=\"wp-block-coblocks-row alignwide coblocks-row-49194557386 coblocks-animate\" data-columns=\"2\" data-layout=\"50-50\" data-coblocks-animation=\"fadeIn\"><div class=\"wp-block-coblocks-row__inner has-no-padding has-no-margin is-stacked-on-mobile has-medium-gutter\">\n<div class=\"wp-block-coblocks-column coblocks-column-49194558853\" style=\"width:50%\"><div class=\"wp-block-coblocks-column__inner has-no-padding has-no-margin\"><div class=\"wp-block-image is-style-default\">\n<figure class=\"aligncenter size-large\"><img loading=\"lazy\" decoding=\"async\" width=\"1024\" height=\"360\" src=\"https:\/\/santosepulcro-daganzo.com\/wp-content\/uploads\/2023\/02\/Imagen-de-WhatsApp-2022-11-18-a-las-16.22.47-1024x360.jpg\" alt=\"\" class=\"wp-image-1580\" srcset=\"https:\/\/santosepulcro-daganzo.com\/wp-content\/uploads\/2023\/02\/Imagen-de-WhatsApp-2022-11-18-a-las-16.22.47-1024x360.jpg 1024w, https:\/\/santosepulcro-daganzo.com\/wp-content\/uploads\/2023\/02\/Imagen-de-WhatsApp-2022-11-18-a-las-16.22.47-300x105.jpg 300w, https:\/\/santosepulcro-daganzo.com\/wp-content\/uploads\/2023\/02\/Imagen-de-WhatsApp-2022-11-18-a-las-16.22.47-768x270.jpg 768w, https:\/\/santosepulcro-daganzo.com\/wp-content\/uploads\/2023\/02\/Imagen-de-WhatsApp-2022-11-18-a-las-16.22.47-1536x540.jpg 1536w, https:\/\/santosepulcro-daganzo.com\/wp-content\/uploads\/2023\/02\/Imagen-de-WhatsApp-2022-11-18-a-las-16.22.47.jpg 1600w\" sizes=\"auto, (max-width: 1024px) 100vw, 1024px\" \/><\/figure>\n<\/div><\/div><\/div>\n\n\n\n<div class=\"wp-block-coblocks-column coblocks-column-49194558857\" style=\"width:50%\"><div class=\"wp-block-coblocks-column__inner has-no-padding has-no-margin\">\n<p>Comercio familiar ligado al pueblo de Daganzo desde hace varias generaciones.<\/p>\n\n\n\n<p>Hace m\u00e1s de un siglo, alrededor de su horno de le\u00f1a, fue creciendo un negocio que ha llegado hasta la actualidad, siendo referencia en el comercio local.<\/p>\n\n\n\n<p>Actualmente ofrece en su establecimiento frutas, pollo, charcuter\u00eda, alimentaci\u00f3n y droguer\u00eda, adem\u00e1s de seguir elaborando pan y asados en su&nbsp;horno&nbsp;de&nbsp;le\u00f1a.<\/p>\n<\/div><\/div>\n<\/div><\/div>\n","protected":false},"excerpt":{"rendered":"<p>En nombre de la Cofrad\u00eda del Santo Sepulcro quiero daros la bienvenida y, al mismo tiempo, expresaros nuestro agradecimiento por<\/p>\n<p><a href=\"https:\/\/santosepulcro-daganzo.com\/\" class=\"more-link\">Seguir leyendo<span class=\"screen-reader-text\">Inicio<\/span><\/a><\/p>\n","protected":false},"author":1,"featured_media":0,"parent":0,"menu_order":0,"comment_status":"closed","ping_status":"closed","template":"","meta":{"_coblocks_attr":"","_coblocks_dimensions":"","_coblocks_responsive_height":"","_coblocks_accordion_ie_support":"","om_disable_all_campaigns":false,"_monsterinsights_skip_tracking":false,"_monsterinsights_sitenote_active":false,"_monsterinsights_sitenote_note":"","_monsterinsights_sitenote_category":0,"footnotes":""},"class_list":["post-1228","page","type-page","status-publish","hentry"],"aioseo_notices":[],"_links":{"self":[{"href":"https:\/\/santosepulcro-daganzo.com\/index.php?rest_route=\/wp\/v2\/pages\/1228","targetHints":{"allow":["GET"]}}],"collection":[{"href":"https:\/\/santosepulcro-daganzo.com\/index.php?rest_route=\/wp\/v2\/pages"}],"about":[{"href":"https:\/\/santosepulcro-daganzo.com\/index.php?rest_route=\/wp\/v2\/types\/page"}],"author":[{"embeddable":true,"href":"https:\/\/santosepulcro-daganzo.com\/index.php?rest_route=\/wp\/v2\/users\/1"}],"replies":[{"embeddable":true,"href":"https:\/\/santosepulcro-daganzo.com\/index.php?rest_route=%2Fwp%2Fv2%2Fcomments&post=1228"}],"version-history":[{"count":11,"href":"https:\/\/santosepulcro-daganzo.com\/index.php?rest_route=\/wp\/v2\/pages\/1228\/revisions"}],"predecessor-version":[{"id":2606,"href":"https:\/\/santosepulcro-daganzo.com\/index.php?rest_route=\/wp\/v2\/pages\/1228\/revisions\/2606"}],"wp:attachment":[{"href":"https:\/\/santosepulcro-daganzo.com\/index.php?rest_route=%2Fwp%2Fv2%2Fmedia&parent=1228"}],"curies":[{"name":"wp","href":"https:\/\/api.w.org\/{rel}","templated":true}]}}