{"id":1513,"date":"2022-05-09T19:53:21","date_gmt":"2022-05-09T18:53:21","guid":{"rendered":"https:\/\/santosepulcro-daganzo.com\/?page_id=1513"},"modified":"2022-05-09T21:01:15","modified_gmt":"2022-05-09T20:01:15","slug":"agradecimientos","status":"publish","type":"page","link":"https:\/\/santosepulcro-daganzo.com\/?page_id=1513","title":{"rendered":"Agradecimientos"},"content":{"rendered":"\n<p id=\"block-c7827bc0-2158-4883-8ba8-b5b1dd4c4bda\">Desde estas l\u00edneas quisi\u00e9ramos agradecer a las siguientes entidades su apoyo constante a la consecuci\u00f3n de los fines para los que la cofrad\u00eda fue fundada.<\/p>\n\n\n\n<div class=\"wp-block-coblocks-row coblocks-row-49215113531\" data-columns=\"2\" data-layout=\"50-50\"><div class=\"wp-block-coblocks-row__inner has-no-padding has-no-margin is-stacked-on-mobile has-medium-gutter\">\n<div class=\"wp-block-coblocks-column coblocks-column-4921511657\" style=\"width:50%\"><div class=\"wp-block-coblocks-column__inner has-no-padding has-no-margin\">\n<figure class=\"wp-block-image size-large is-style-rounded\"><img loading=\"lazy\" decoding=\"async\" width=\"600\" height=\"300\" src=\"http:\/\/santosepulcro-daganzo.com\/wp-content\/uploads\/2022\/05\/Logo_VerticaFondoTransparente_Twinning.png\" alt=\"\" class=\"wp-image-1504\" srcset=\"https:\/\/santosepulcro-daganzo.com\/wp-content\/uploads\/2022\/05\/Logo_VerticaFondoTransparente_Twinning.png 600w, https:\/\/santosepulcro-daganzo.com\/wp-content\/uploads\/2022\/05\/Logo_VerticaFondoTransparente_Twinning-300x150.png 300w\" sizes=\"auto, (max-width: 600px) 100vw, 600px\" \/><\/figure>\n<\/div><\/div>\n\n\n\n<div class=\"wp-block-coblocks-column coblocks-column-4921511661\" style=\"width:50%\"><div class=\"wp-block-coblocks-column__inner has-no-padding has-no-margin\">\n<p>Blah,Blag, Twinning<\/p>\n<\/div><\/div>\n<\/div><\/div>\n\n\n\n<div class=\"wp-block-coblocks-row coblocks-row-49215234697\" data-columns=\"2\" data-layout=\"50-50\"><div class=\"wp-block-coblocks-row__inner has-no-padding has-no-margin is-stacked-on-mobile has-medium-gutter\">\n<div class=\"wp-block-coblocks-column coblocks-column-49215236159\" style=\"width:50%\"><div class=\"wp-block-coblocks-column__inner has-no-padding has-no-margin\">\n<figure class=\"wp-block-image size-large is-resized is-style-default\"><img loading=\"lazy\" decoding=\"async\" src=\"http:\/\/santosepulcro-daganzo.com\/wp-content\/uploads\/2022\/04\/LogoHerla.jpg\" alt=\"\" class=\"wp-image-1372\" width=\"421\" height=\"80\" srcset=\"https:\/\/santosepulcro-daganzo.com\/wp-content\/uploads\/2022\/04\/LogoHerla.jpg 473w, https:\/\/santosepulcro-daganzo.com\/wp-content\/uploads\/2022\/04\/LogoHerla-300x58.jpg 300w\" sizes=\"auto, (max-width: 421px) 100vw, 421px\" \/><\/figure>\n<\/div><\/div>\n\n\n\n<div class=\"wp-block-coblocks-column coblocks-column-49215236162\" style=\"width:50%\"><div class=\"wp-block-coblocks-column__inner has-no-padding has-no-margin\">\n<p>Blah,Blah,Blah Herla<\/p>\n<\/div><\/div>\n<\/div><\/div>\n\n\n\n<div class=\"wp-block-coblocks-row coblocks-row-49215436792\" data-columns=\"2\" data-layout=\"50-50\"><div class=\"wp-block-coblocks-row__inner has-no-padding has-no-margin is-stacked-on-mobile has-medium-gutter\">\n<div class=\"wp-block-coblocks-column coblocks-column-49215438525\" style=\"width:50%\"><div class=\"wp-block-coblocks-column__inner has-no-padding has-no-margin\">\n<figure class=\"wp-block-image size-large is-resized is-style-rounded\"><img loading=\"lazy\" decoding=\"async\" src=\"http:\/\/santosepulcro-daganzo.com\/wp-content\/uploads\/2022\/04\/logo-tonatiuh.jpeg\" alt=\"\" class=\"wp-image-1373\" width=\"235\" height=\"237\" srcset=\"https:\/\/santosepulcro-daganzo.com\/wp-content\/uploads\/2022\/04\/logo-tonatiuh.jpeg 828w, https:\/\/santosepulcro-daganzo.com\/wp-content\/uploads\/2022\/04\/logo-tonatiuh-298x300.jpeg 298w, https:\/\/santosepulcro-daganzo.com\/wp-content\/uploads\/2022\/04\/logo-tonatiuh-150x150.jpeg 150w, https:\/\/santosepulcro-daganzo.com\/wp-content\/uploads\/2022\/04\/logo-tonatiuh-768x774.jpeg 768w\" sizes=\"auto, (max-width: 235px) 100vw, 235px\" \/><\/figure>\n<\/div><\/div>\n\n\n\n<div class=\"wp-block-coblocks-column coblocks-column-49215438531\" style=\"width:50%\"><div class=\"wp-block-coblocks-column__inner has-no-padding has-no-margin\">\n<p>Blah,Blah,Blah Tonatiuh<\/p>\n<\/div><\/div>\n<\/div><\/div>\n\n\n\n<div class=\"wp-block-coblocks-row coblocks-row-49215645326\" data-columns=\"2\" data-layout=\"50-50\"><div class=\"wp-block-coblocks-row__inner has-no-padding has-no-margin is-stacked-on-mobile has-medium-gutter\">\n<div class=\"wp-block-coblocks-column coblocks-column-49215646809\" style=\"width:50%\"><div class=\"wp-block-coblocks-column__inner has-no-padding has-no-margin\">\n<figure class=\"wp-block-image size-large is-resized is-style-default\"><img loading=\"lazy\" decoding=\"async\" src=\"http:\/\/santosepulcro-daganzo.com\/wp-content\/uploads\/2022\/04\/LOGO-KA_II.jpg\" alt=\"\" class=\"wp-image-1371\" width=\"210\" height=\"210\" srcset=\"https:\/\/santosepulcro-daganzo.com\/wp-content\/uploads\/2022\/04\/LOGO-KA_II.jpg 544w, https:\/\/santosepulcro-daganzo.com\/wp-content\/uploads\/2022\/04\/LOGO-KA_II-300x300.jpg 300w, https:\/\/santosepulcro-daganzo.com\/wp-content\/uploads\/2022\/04\/LOGO-KA_II-150x150.jpg 150w\" sizes=\"auto, (max-width: 210px) 100vw, 210px\" \/><\/figure>\n<\/div><\/div>\n\n\n\n<div class=\"wp-block-coblocks-column coblocks-column-49215646813\" style=\"width:50%\"><div class=\"wp-block-coblocks-column__inner has-no-padding has-no-margin\">\n<p>Blah,Blah,Blah Ka Int<\/p>\n<\/div><\/div>\n<\/div><\/div>\n\n\n\n<div class=\"wp-block-coblocks-row coblocks-row-49215753771\" data-columns=\"2\" data-layout=\"50-50\"><div class=\"wp-block-coblocks-row__inner has-no-padding has-no-margin is-stacked-on-mobile has-medium-gutter\">\n<div class=\"wp-block-coblocks-column coblocks-column-49215757959\" style=\"width:50%\"><div class=\"wp-block-coblocks-column__inner has-no-padding has-no-margin\">\n<figure class=\"wp-block-image size-large is-resized is-style-default\"><img loading=\"lazy\" decoding=\"async\" src=\"http:\/\/santosepulcro-daganzo.com\/wp-content\/uploads\/2022\/04\/logo-md-819x1024.jpg\" alt=\"\" class=\"wp-image-1374\" width=\"208\" height=\"260\" srcset=\"https:\/\/santosepulcro-daganzo.com\/wp-content\/uploads\/2022\/04\/logo-md-819x1024.jpg 819w, https:\/\/santosepulcro-daganzo.com\/wp-content\/uploads\/2022\/04\/logo-md-240x300.jpg 240w, https:\/\/santosepulcro-daganzo.com\/wp-content\/uploads\/2022\/04\/logo-md-768x960.jpg 768w, https:\/\/santosepulcro-daganzo.com\/wp-content\/uploads\/2022\/04\/logo-md-1229x1536.jpg 1229w, https:\/\/santosepulcro-daganzo.com\/wp-content\/uploads\/2022\/04\/logo-md.jpg 1440w\" sizes=\"auto, (max-width: 208px) 100vw, 208px\" \/><\/figure>\n<\/div><\/div>\n\n\n\n<div class=\"wp-block-coblocks-column coblocks-column-49215757962\" style=\"width:50%\"><div class=\"wp-block-coblocks-column__inner has-no-padding has-no-margin\">\n<p>Blah,Blah M&amp;D<\/p>\n<\/div><\/div>\n<\/div><\/div>\n\n\n\n<div class=\"wp-block-coblocks-row coblocks-row-49215859536\" data-columns=\"2\" data-layout=\"50-50\"><div class=\"wp-block-coblocks-row__inner has-no-padding has-no-margin is-stacked-on-mobile has-medium-gutter\">\n<div class=\"wp-block-coblocks-column coblocks-column-492159135\" style=\"width:50%\"><div class=\"wp-block-coblocks-column__inner has-no-padding has-no-margin\">\n<figure class=\"wp-block-image size-large is-resized is-style-default\"><img loading=\"lazy\" decoding=\"async\" src=\"http:\/\/santosepulcro-daganzo.com\/wp-content\/uploads\/2022\/05\/Horno-Bravo.png\" alt=\"\" class=\"wp-image-1506\" width=\"193\" height=\"97\" srcset=\"https:\/\/santosepulcro-daganzo.com\/wp-content\/uploads\/2022\/05\/Horno-Bravo.png 152w, https:\/\/santosepulcro-daganzo.com\/wp-content\/uploads\/2022\/05\/Horno-Bravo-150x76.png 150w\" sizes=\"auto, (max-width: 193px) 100vw, 193px\" \/><\/figure>\n<\/div><\/div>\n\n\n\n<div class=\"wp-block-coblocks-column coblocks-column-492159139\" style=\"width:50%\"><div class=\"wp-block-coblocks-column__inner has-no-padding has-no-margin\">\n<p>Blah blah, Autoservicio y Horno Bravo<\/p>\n<\/div><\/div>\n<\/div><\/div>\n\n\n\n<p id=\"block-31d98788-9841-4f1a-aeb2-e9b7af6c3a8d\"><\/p>\n","protected":false},"excerpt":{"rendered":"<p>Desde estas l\u00edneas quisi\u00e9ramos agradecer a las siguientes entidades su apoyo constante a la consecuci\u00f3n de los fines para los<\/p>\n<p><a href=\"https:\/\/santosepulcro-daganzo.com\/?page_id=1513\" class=\"more-link\">Seguir leyendo<span class=\"screen-reader-text\">Agradecimientos<\/span><\/a><\/p>\n","protected":false},"author":1,"featured_media":0,"parent":0,"menu_order":0,"comment_status":"closed","ping_status":"closed","template":"","meta":{"_coblocks_attr":"","_coblocks_dimensions":"","_coblocks_responsive_height":"","_coblocks_accordion_ie_support":"","om_disable_all_campaigns":false,"_monsterinsights_skip_tracking":false,"_monsterinsights_sitenote_active":false,"_monsterinsights_sitenote_note":"","_monsterinsights_sitenote_category":0,"footnotes":""},"class_list":["post-1513","page","type-page","status-publish","hentry"],"aioseo_notices":[],"_links":{"self":[{"href":"https:\/\/santosepulcro-daganzo.com\/index.php?rest_route=\/wp\/v2\/pages\/1513","targetHints":{"allow":["GET"]}}],"collection":[{"href":"https:\/\/santosepulcro-daganzo.com\/index.php?rest_route=\/wp\/v2\/pages"}],"about":[{"href":"https:\/\/santosepulcro-daganzo.com\/index.php?rest_route=\/wp\/v2\/types\/page"}],"author":[{"embeddable":true,"href":"https:\/\/santosepulcro-daganzo.com\/index.php?rest_route=\/wp\/v2\/users\/1"}],"replies":[{"embeddable":true,"href":"https:\/\/santosepulcro-daganzo.com\/index.php?rest_route=%2Fwp%2Fv2%2Fcomments&post=1513"}],"version-history":[{"count":4,"href":"https:\/\/santosepulcro-daganzo.com\/index.php?rest_route=\/wp\/v2\/pages\/1513\/revisions"}],"predecessor-version":[{"id":1537,"href":"https:\/\/santosepulcro-daganzo.com\/index.php?rest_route=\/wp\/v2\/pages\/1513\/revisions\/1537"}],"wp:attachment":[{"href":"https:\/\/santosepulcro-daganzo.com\/index.php?rest_route=%2Fwp%2Fv2%2Fmedia&parent=1513"}],"curies":[{"name":"wp","href":"https:\/\/api.w.org\/{rel}","templated":true}]}}