{"id":2549,"date":"2024-01-03T00:32:46","date_gmt":"2024-01-02T23:32:46","guid":{"rendered":"https:\/\/santosepulcro-daganzo.com\/?page_id=2549"},"modified":"2024-01-03T00:32:46","modified_gmt":"2024-01-02T23:32:46","slug":"una-historia-de-viernes-santo","status":"publish","type":"page","link":"https:\/\/santosepulcro-daganzo.com\/?page_id=2549","title":{"rendered":"Una Historia de Viernes Santo"},"content":{"rendered":"\n<p>Noche de Viernes Santo, estaci\u00f3n de Penitencia, Jes\u00fas yacente espera postrado delante del alt\u00edsimo, en su trono y dentro de su urna, engalanado con flores. A su lado su Madre, nuestra Madre, Virgen de la Soledad, la cual nunca se separa de \u00e9l, le est\u00e1 llorando y le va a acompa\u00f1ar para llevarle al Sepulcro junto con la Cofrad\u00eda de Santo Sepulcro.<\/p>\n\n\n\n<p>Diez y media, el sonido de los tambores retumba fuera de la iglesia, van entrado en ese momento 45 hermanos fieles a su imagen y a su religi\u00f3n, dentro ya huele a incienso. Justo delante de su trono procesional y junto al estandarte de la Cofrad\u00eda y a la Cruz de Gu\u00eda, dos faroles iluminan la escena previa al comienzo de la procesi\u00f3n.<\/p>\n\n\n\n<p>Se van colocando los anderos en sus posiciones de partida, mil veces repetidas en los ensayos, tanto en el trono del Cristo Yacente como en el Trono de la Virgen de la Soledad, el p\u00e1rroco nos invita a rezar junto a \u00e9l para estar en paz y relajados.<\/p>\n\n\n\n<p>Once de la noche, todo listo, con un respetuoso silencio empieza la estaci\u00f3n de penitencia, en cabeza nuestro estandarte, portado por un hermano al que le embarga la emoci\u00f3n, detr\u00e1s de \u00e9l la cruz de Gu\u00eda con sus faroles portado por los miembros m\u00e1s peque\u00f1os de la Hermandad y justo detr\u00e1s la imagen de Jes\u00fas Yacente en su trono procesional seguida de su Madre, la Virgen de la Soledad en su trono. Suena en ese momento el Himno Nacional interpretado por la banda de M\u00fasica de la hermandad apostada en el exterior y con el vello erizado por la emoci\u00f3n nos disponemos a salir de la Iglesia.<\/p>\n\n\n\n<p>En el momento que la primera imagen ya est\u00e1 fuera de la iglesia, el capataz manda girar a la izquierda y , tras avanzar paralelos a la iglesia durante 25 metros, giramos a la derecha para encaminarnos hacia la calle Pr\u00edncipe Felipe hasta llegar a la altura de la casa del P\u00e1rroco, 1\u00aa parada, tras un breve descanso de unos 15 segundos, el sonido de la campana del capataz nos indica que hay que continuar.<\/p>\n\n\n\n<p>Seguimos bajando hasta llegar a la calle San Juan y prosiguiendo por esta hacia la calle Oriente, vuelve a ta\u00f1er la noche el sonido de aviso del capataz, 2\u00aa parada, continuamos por la calle Oriente hasta el cruce con la Calle del Mes\u00f3n y desde all\u00ed hasta el cruce con la calle de la fuente, al sonido de la campana de nuevo realizamos nuestra tercera parada, continuamos por la calle Oriente hasta el cruce con la calle Francisco Rivero Navas, all\u00ed realizamos nuestra 4\u00aa parada, mientras la banda continua con su magistral interpretaci\u00f3n de las marchas de procesi\u00f3n.<\/p>\n\n\n\n<p>Esta calle donde nos encontramos ahora es la primera con una pendiente mayor de las que hasta este momento hemos transitado, adem\u00e1s de m\u00e1s estrecha, aqu\u00ed la m\u00fasica es a\u00fan m\u00e1s penetrante y nos hace forzar el paso cuesta arriba, una vez hemos terminado la cuestecilla giramos a la izquierda y en ese momento, de nuevo a las \u00f3rdenes del capataz y su campana realizamos la siguiente parada, continuamos por la calle mayor&nbsp; y llegando al cruce con la calle Alegr\u00eda volvemos a realizar otra parada, proseguimos entonces por la calle Mayor hacia la calle del Huesario, llamada asi porque aqu\u00ed estaba el antiguo camposanto detr\u00e1s de la iglesia.<\/p>\n\n\n\n<p>Antes de entrar en la mencionada calle, realizamos la 7\u00aa parada, aqu\u00ed los anderos cogen aire, puesto que la calle Huesario tiene una subida prolongada y el peso de los tronos es cada vez mayor, vuelve a ta\u00f1er la campana del capataz y los anderos se aprestan a volver a levantar al rey de los cielos, en ese momento la banda comienza los compases de \u201cEncarnaci\u00f3n Coronada\u201d comenzamos la subida de la calle del Huesario, justo al final de la subida y antes de llegar a la calle del viento, se realiza la 8\u00ba y pen\u00faltima parada.<\/p>\n\n\n\n<p>Desde aqu\u00ed continuamos por la calle del viento donde , a la altura de la iglesia, hacemos la 9\u00aa parada, la banda interpreta \u201cLa Muerte no es el Final\u201d y un sinf\u00edn de gargantas emocionadas acompa\u00f1an con sus voces la letra de esta pieza, ya estamos en la puerta de la iglesia, en este momento exponemos a Jes\u00fas Yacente y a su Madre, y, a los toques del Himno Nacional nos encaminamos a encerrar a los dos pasos procesionales entrando en el Templo y finalizando nuestra estaci\u00f3n de Penitencia.<\/p>\n\n\n\n<figure class=\"wp-block-image size-full is-resized coblocks-animate has-filter-grayscale\" data-coblocks-animation=\"slideInRight\"><img loading=\"lazy\" decoding=\"async\" width=\"283\" height=\"423\" src=\"http:\/\/santosepulcro-daganzo.com\/wp-content\/uploads\/2022\/04\/Jesus_II-1.png\" alt=\"\" class=\"wp-image-1289\" style=\"width:82px;height:auto\" srcset=\"https:\/\/santosepulcro-daganzo.com\/wp-content\/uploads\/2022\/04\/Jesus_II-1.png 283w, https:\/\/santosepulcro-daganzo.com\/wp-content\/uploads\/2022\/04\/Jesus_II-1-201x300.png 201w\" sizes=\"auto, (max-width: 283px) 100vw, 283px\" \/><figcaption class=\"wp-element-caption\">Jes\u00fas Berzal Ortega<\/figcaption><\/figure>\n\n\n\n<p><\/p>\n\n\n\n<p><\/p>\n\n\n\n<p>\u00a0\u00a0\u00a0\u00a0\u00a0\u00a0\u00a0\u00a0\u00a0\u00a0\u00a0\u00a0\u00a0\u00a0\u00a0\u00a0\u00a0\u00a0\u00a0\u00a0\u00a0\u00a0\u00a0\u00a0\u00a0\u00a0\u00a0\u00a0\u00a0\u00a0\u00a0\u00a0\u00a0\u00a0\u00a0\u00a0\u00a0\u00a0\u00a0\u00a0\u00a0\u00a0\u00a0\u00a0\u00a0\u00a0\u00a0\u00a0\u00a0\u00a0\u00a0\u00a0\u00a0\u00a0\u00a0\u00a0\u00a0\u00a0\u00a0\u00a0\u00a0\u00a0\u00a0\u00a0\u00a0\u00a0\u00a0\u00a0\u00a0\u00a0\u00a0\u00a0\u00a0\u00a0\u00a0\u00a0\u00a0\u00a0\u00a0\u00a0\u00a0\u00a0\u00a0\u00a0\u00a0\u00a0\u00a0\u00a0\u00a0\u00a0\u00a0\u00a0\u00a0\u00a0\u00a0\u00a0\u00a0\u00a0\u00a0\u00a0\u00a0\u00a0\u00a0\u00a0\u00a0\u00a0\u00a0\u00a0\u00a0<\/p>\n","protected":false},"excerpt":{"rendered":"<p>Noche de Viernes Santo, estaci\u00f3n de Penitencia, Jes\u00fas yacente espera postrado delante del alt\u00edsimo, en su trono y dentro de<\/p>\n<p><a href=\"https:\/\/santosepulcro-daganzo.com\/?page_id=2549\" class=\"more-link\">Seguir leyendo<span class=\"screen-reader-text\">Una Historia de Viernes Santo<\/span><\/a><\/p>\n","protected":false},"author":1,"featured_media":0,"parent":0,"menu_order":0,"comment_status":"closed","ping_status":"closed","template":"","meta":{"_coblocks_attr":"","_coblocks_dimensions":"","_coblocks_responsive_height":"","_coblocks_accordion_ie_support":"","om_disable_all_campaigns":false,"_monsterinsights_skip_tracking":false,"_monsterinsights_sitenote_active":false,"_monsterinsights_sitenote_note":"","_monsterinsights_sitenote_category":0,"footnotes":""},"class_list":["post-2549","page","type-page","status-publish","hentry"],"aioseo_notices":[],"_links":{"self":[{"href":"https:\/\/santosepulcro-daganzo.com\/index.php?rest_route=\/wp\/v2\/pages\/2549","targetHints":{"allow":["GET"]}}],"collection":[{"href":"https:\/\/santosepulcro-daganzo.com\/index.php?rest_route=\/wp\/v2\/pages"}],"about":[{"href":"https:\/\/santosepulcro-daganzo.com\/index.php?rest_route=\/wp\/v2\/types\/page"}],"author":[{"embeddable":true,"href":"https:\/\/santosepulcro-daganzo.com\/index.php?rest_route=\/wp\/v2\/users\/1"}],"replies":[{"embeddable":true,"href":"https:\/\/santosepulcro-daganzo.com\/index.php?rest_route=%2Fwp%2Fv2%2Fcomments&post=2549"}],"version-history":[{"count":1,"href":"https:\/\/santosepulcro-daganzo.com\/index.php?rest_route=\/wp\/v2\/pages\/2549\/revisions"}],"predecessor-version":[{"id":2551,"href":"https:\/\/santosepulcro-daganzo.com\/index.php?rest_route=\/wp\/v2\/pages\/2549\/revisions\/2551"}],"wp:attachment":[{"href":"https:\/\/santosepulcro-daganzo.com\/index.php?rest_route=%2Fwp%2Fv2%2Fmedia&parent=2549"}],"curies":[{"name":"wp","href":"https:\/\/api.w.org\/{rel}","templated":true}]}}